y 11?
8
What is the remainder when 27230 is divided by 13192?
846
Calculate the remainder when 142944 is divided by 45.
24
Calculate the remainder when 1155 is divided by 1039.
116
What is the remainder when 42914 is divided by 42777?
137
Calculate the remainder when 3865 is divided by 110.
15
Calculate the remainder when 82548 is divided by 16506.
18
Calculate the remainder when 11217 is divided by 142.
141
What is the remainder when 81516 is divided by 87?
84
What is the remainder when 96819 is divided by 11?
8
What is the remainder when 3877 is divided by 684?
457
Calculate the remainder when 1459 is divided by 157.
46
Calculate the remainder when 10688 is divided by 484.
40
Calculate the remainder when 36137 is divided by 20.
17
What is the remainder when 202 is divided by 142?
60
Calculate the remainder when 43225 is divided by 151.
39
Calculate the remainder when 718 is divided by 104.
94
What is the remainder when 1080 is divided by 48?
24
What is the remainder when 49272 is divided by 736?
696
What is the remainder when 1425 is divided by 203?
4
What is the remainder when 3424 is divided by 141?
40
Calculate the remainder when 729 is divided by 19.
7
Calculate the remainder when 4203 is divided by 13.
4
Calculate the remainder when 4436 is divided by 368.
20
Calculate the remainder when 22303 is divided by 97.
90
What is the remainder when 10236 is divided by 209?
204
Calculate the remainder when 16265 is divided by 346.
3
Calculate the remainder when 14503 is divided by 87.
61
Calculate the remainder when 3486949 is divided by 71.
68
What is the remainder when 29632 is divided by 741?
733
Calculate the remainder when 3583 is divided by 269.
86
What is the remainder when 117 is divided by 44?
29
Calculate the remainder when 10196 is divided by 26.
4
Calculate the remainder when 52597 is divided by 5258.
17
What is the remainder when 53411 is divided by 34?
31
Calculate the remainder when 11395 is divided by 228.
223
What is the remainder when 9576641 is divided by 868?
865
What is the remainder when 10061 is divided by 3351?
8
What is the remainder when 69171 is divided by 7685?
6
What is the remainder when 384 is divided by 228?
156
What is the remainder when 2152 is divided by 598?
358
Calculate the remainder when 22783 is divided by 958.
749
What is the remainder when 2690 is divided by 75?
65
What is the remainder when 9047 is divided by 910?
857
Calculate the remainder when 246761 is divided by 14.
11
What is the remainder when 3615 is divided by 1094?
333
Calculate the remainder when 211626 is divided by 105786.
54
What is the remainder when 7242 is divided by 76?
22
What is the remainder when 41866 is divided by 13923?
97
Calculate the remainder when 32916 is divided by 168.
156
What is the remainder when 21828 is divided by 185?
183
What is the remainder when 31308 is divided by 2406?
30
Calculate the remainder when 741848 is divided by 16.
8
Calculate the remainder when 10272 is divided by 331.
11
What is the remainder when 363283 is divided by 195?
193
Calculate the remainder when 635 is divided by 32.
27
Calculate the remainder when 75632 is divided by 55.
7
What is the remainder when 348742 is divided by 181?
136
Calculate the remainder when 6951 is divided by 772.
3
What is the remainder when 6217 is divided by 1651?
1264
What is the remainder when 1176702 is divided by 8?
6
What is the remainder when 25615 is divided by 288?
271
Calculate the remainder when 15032 is divided by 14.
10
Calculate the remainder when 56431 is divided by 1820.
11
What is the remainder when 146168 is divided by 48718?
14
Calculate the remainder when 30607 is divided by 3037.
237
Calculate the remainder when 16686 is divided by 451.
450
What is the remainder when 60483 is divided by 146?
39
What is the remainder when 24966 is divided by 390?
6
Calculate the remainder when 16846 is divided by 3368.
6
What is the remainder when 4086 is divided by 200?
86
What is the remainder when 12583 is divided by 68?
3
What is the remainder when 1335 is divided by 425?
60
What is the remainder when 28238 is divided by 113?
101
Calculate the remainder when 28408 is divided by 28084.
324
What is the remainder when 456293 is divided by 20?
13
Calculate the remainder when 525406 is divided by 208.
206
What is the remainder when 84820 is divided by 84729?
91
What is the remainder when 87781 is divided by 114?
1
What is the remainder when 131998 is divided by 197?
8
Calculate the remainder when 42175 is divided by 123.
109
What is the remainder when 5406 is divided by 539?
16
Calculate the remainder when 103964 is divided by 17326.
8
What is the remainder when 367598 is divided by 101?
59
Calculate the remainder when 46028 is divided by 106.
24
Calculate the remainder when 3543 is divided by 894.
861
Calculate the remainder when 41883 is divided by 6977.
21
What is the remainder when 150126 is divided by 540?
6
What is the remainder when 5408 is divided by 2687?
34
What is the remainder when 1696 is divided by 284?
276
What is the remainder when 820 is divided by 404?
12
What is the remainder when 692 is divided by 108?
44
Calculate the remainder when 91743 is divided by 47.
46
Calculate the remainder when 14489 is divided by 63.
62
What is the remainder when 168322 is divided by 85?
22
What is the remainder when 2692 is divided by 73?
64
What is the remainder when 17654 is divided by 108?
50
Calculate the remainder when 94239 is divided by 304.
303
What is the remainder when 24094 is divided by 32?
30
What is the remainder when 2071 is divided by 2?
1
What is the remainder when 1024 is divided by 176?
144
Calculate the remainder when 33587 is divided by 93.
14
What is the remainder when 509172 is divided by 225?
222
Calculate the remainder when 4204 is divided by 9.
1
Calculate the remainder when 3799 is divided by 313.
43
Calculate the remainder when 211010 is divided by 76.
34
Calculate the remainder when 39863 is divided by 118.
97
What is the remainder when 2277640 is divided by 253070?
10
Calculate the remainder when 6066 is divided by 218.
180
What is the remainder when 78185 is divided by 26047?
44
Calculate the remainder when 12498 is divided by 380.
338
Calculate the remainder when 274752 is divided by 34.
32
What is the remainder when 60330 is divided by 7539?
18
Calculate the remainder when 38963 is divided by 9726.
59
What is the remainder when 2214917 is divided by 738305?
2
What is the remainder when 113152 is divided by 35?
32
Calculate the remainder when 2295 is divided by 56.
55
Calculate the remainder when 49125 is divided by 673.
669
Calculate the remainder when 91481 is divided by 15245.
11
Calculate the remainder when 494 is divided by 242.
10
Calculate the remainder when 13462 is divided by 2677.
77
What is the remainder when 389337 is divided by 77865?
12
What is the remainder when 3503 is divided by 1024?
431
What is the remainder when 1106 is divided by 8?
2
What is the remainder when 3832 is divided by 58?
4
What is the remainder when 17204 is divided by 93?
92
Calculate the remainder when 103102 is divided by 692.
686
What is the remainder when 5592 is divided by 214?
28
Calculate the remainder when 47660 is divided by 463.
434
What is the remainder when 3911 is divided by 1005?
896
Calculate the remainder when 56081 is divided by 21.
11
Calculate the remainder when 25261 is divided by 743.
742
Calculate the remainder when 15683 is divided by 241.
18
Calculate the remainder when 41929 is divided by 182.
69
What is the remainder when 1299 is divided by 480?
339
What is the remainder when 349169 is divided by 24940?
9
Calculate the remainder when 25941 is divided by 23.
20
Calculate the remainder when 1492 is divided by 467.
91
Calculate the remainder when 152816 is divided by 1415.
1411
What is the remainder when 3478 is divided by 140?
118
What is the remainder when 6861 is divided by 221?
10
What is the remainder when 5214 is divided by 120?
54
Calculate the remainder when 24058 is divided by 184.
138
Calculate the remainder when 3898821 is divided by 25.
21
What is the remainder when 315890 is divided by 489?
485
What is the remainder when 7853 is divided by 3240?
1373
What is the remainder when 32978 is divided by 10988?
14
What is